 a factor of 312046?
False
Is 44658 a multiple of 27?
True
Is 1408209 a multiple of 11?
True
Is 94 a factor of 30608011?
False
Does 3 divide 487451?
False
Is 57522 a multiple of 6?
True
Is 282 a factor of 138065?
False
Is 18183983 a multiple of 79?
True
Is 180136 a multiple of 30?
False
Is 106799 a multiple of 231?
False
Is 2213126 a multiple of 16?
False
Is 14 a factor of 819812?
True
Is 79 a factor of 111153?
True
Does 13 divide 1627436?
False
Does 458 divide 12830412?
True
Does 12 divide 987979?
False
Is 607 a factor of 568759?
True
Does 60 divide 56376?
False
Does 95 divide 922450?
True
Is 16 a factor of 19826510?
False
Is 7375536 a multiple of 162?
True
Is 7 a factor of 7696?
False
Is 569682 a multiple of 6?
True
Does 300 divide 6687900?
True
Is 1816022 a multiple of 13?
True
Is 10 a factor of 162915?
False
Is 431894 a multiple of 46?
True
Is 3238680 a multiple of 27?
False
Is 49 a factor of 4310432?
True
Is 152835 a multiple of 307?
False
Is 88741 a multiple of 23?
False
Is 1226927 a multiple of 14?
False
Is 326 a factor of 203263?
False
Does 18 divide 297918?
True
Is 652 a factor of 719808?
True
Does 5 divide 280935?
True
Is 20573 a multiple of 12?
False
Is 21282 a multiple of 3?
True
Is 83 a factor of 169818?
True
Is 4 a factor of 30785?
False
Does 8 divide 12949817?
False
Is 5500543 a multiple of 16?
False
Is 46 a factor of 393024?
True
Does 26 divide 253032?
True
Does 387 divide 11469519?
True
Is 1124 a factor of 10603816?
True
Does 106 divide 1919380?
False
Is 7 a factor of 56881?
False
Does 95 divide 361070?
False
Is 397 a factor of 358888?
True
Is 1902572 a multiple of 476?
True
Is 207552 a multiple of 94?
True
Does 497 divide 164507?
True
Is 72576 a multiple of 81?
True
Does 618 divide 223098?
True
Does 155 divide 2573155?
True
Does 14 divide 1889734?
True
Is 66 a factor of 1292706?
False
Is 1493 a factor of 4052002?
True
Does 569 divide 241122?
False
Does 75 divide 975?
True
Does 577 divide 3369680?
True
Is 700 a factor of 30256100?
True
Does 45 divide 49457?
False
Is 43 a factor of 4006181?
True
Is 79288 a multiple of 88?
True
Is 3644158 a multiple of 114?
False
Is 1388 a multiple of 4?
True
Is 2 a factor of 15162?
True
Is 302539 a multiple of 66?
False
Is 20 a factor of 339640?
True
Does 4 divide 135900?
True
Is 115059 a multiple of 44?
False
Is 96927 a multiple of 5?
False
Is 164970 a multiple of 83?
False
Does 2 divide 160626?
True
Is 223 a factor of 144950?
True
Does 9 divide 1841547?
False
Does 7 divide 1386471?
False
Is 20 a factor of 172320?
True
Is 549566 a multiple of 10?
False
Is 9 a factor of 524893?
False
Is 24 a factor of 285874?
False
Is 6981390 a multiple of 1170?
True
Does 14 divide 13559518?
True
Is 6563630 a multiple of 683?
True
Does 218 divide 26160?
True
Does 197 divide 499680?
False
Is 7 a factor of 507703?
True
Is 418759 a multiple of 99?
False
Is 878662 a multiple of 601?
True
Is 37 a factor of 11770921?
True
Is 8 a factor of 301528?
True
Does 249 divide 46251?
False
Is 17825 even?
False
Is 83 a factor of 11460993?
False
Does 35 divide 2559480?
True
Is 31 a factor of 28582?
True
Is 165360 a multiple of 15?
True
Is 265760 a multiple of 176?
True
Is 3 a factor of 29589?
True
Is 32 a factor of 587934?
False
Is 974836 a multiple of 35?
False
Does 63 divide 173124?
True
Is 18604 a multiple of 13?
False
Is 201963 a multiple of 126?
False
Does 1199 divide 3427269?
False
Is 46 a factor of 17080996?
True
Does 6 divide 631?
False
Is 147292 a multiple of 24?
False
Is 1910 a factor of 4592651?
False
Is 197655 a multiple of 15?
True
Does 317 divide 970001?
False
Does 19 divide 174477?
True
Is 8527500 a multiple of 150?
True
Is 87 a factor of 28797?
True
Is 3790370 a multiple of 62?
True
Is 4 a factor of 645451?
False
Is 10 a factor of 28935?
False
Is 66426 even?
True
Is 1022395 a multiple of 641?
True
Is 115 a factor of 66355?
True
Is 63593 a multiple of 7?
False
Is 251840 a multiple of 16?
True
Is 29 a factor of 6070367?
True
Is 3507871 a multiple of 36?
False
Does 69 divide 4389631?
False
Is 228 a factor of 455685?
False
Is 274 a factor of 431094?
False
Is 11 a factor of 1829517?
False
Does 366 divide 29646?
True
Is 65 a factor of 6656650?
True
Is 293562 a multiple of 94?
True
Is 16 a factor of 8469472?
True
Does 184 divide 30912?
True
Does 9 divide 96155?
False
Is 531 a factor of 2219039?
False
Does 18 divide 1762344?
True
Does 337 divide 7653944?
True
Is 133 a factor of 4850896?
False
Is 143 a factor of 656782?
False
Is 1134 a factor of 618956?
False
Does 10 divide 132126?
False
Is 202906 a multiple of 13?
False
Does 8 divide 555360?
True
Is 4601520 a multiple of 792?
True
Is 35 a factor of 68810?
True
Is 36079 a multiple of 109?
True
Is 409670 a multiple of 142?
True
Does 1337 divide 1529528?
True
Is 5311149 a multiple of 1227?
False
Does 4 divide 88317?
False
Does 27 divide 85131?
True
Is 1892090 a multiple of 283?
False
Does 13 divide 1754037?
False
Is 60 a factor of 1484340?
True
Is 91020 a multiple of 492?
True
Does 11 divide 13393523?
True
Is 5 a factor of 5675?
True
Is 43 a factor of 54213?
False
Does 48 divide 501483?
False
Is 10 a factor of 355576?
False
Is 13 a factor of 1250177?
False
Is 89836 a multiple of 74?
True
Is 111871 a multiple of 82?
False
Is 544 a factor of 283968?
True
Is 59 a factor of 302198?
True
Is 14953357 a multiple of 1032?
False
Is 109 a factor of 2838174?
False
Does 137 divide 242627?
True
Is 7 a factor of 120523?
False
Is 32 a factor of 138701?
False
Is 44 a factor of 26340?
False
Does 23 divide 4719278?
True
Is 886675 a multiple of 612?
False
Is 113775 a multiple of 24?
False
Does 17 divide 180846?
True
Is 8348554 a multiple of 56?
False
Is 112 a factor of 3979024?
True
Is 19 a factor of 4137231?
True
Does 18 divide 1267920?
True
Is 161586 a multiple of 382?
True
Is 959350 a multiple of 35?
True
Is 1634943 a multiple of 1007?
False
Is 856872 a multiple of 74?
False
Is 34 a factor of 1244?
False
Is 842 a factor of 9798354?
True
Is 76 a factor of 347115?
False
Is 412947 a multiple of 121?
False
Is 249 a factor of 6920106?
False
Does 24 divide 54888?
True
Does 769 divide 2034949?
False
Does 52 divide 184063?
False
Is 41 a factor of 12904442?
False
Is 151646 a multiple of 226?
True
Is 65 a factor of 37635?
True
Is 14 a factor of 1081672?
False
Does 35 divide 165288?
False
Is 51 a factor of 1676358?
False
Is 632 a multiple of 8?
True
Is 108 a factor of 839582?
False
Is 25 a factor of 2063175?
True
Is 655 a factor of 292785?
True
Is 371772 a multiple of 36?
True
Is 6 a factor of 1142706?
True
Does 585 divide 1098045?
True
Does 156 divide 441792?
True
Is 6 a factor of 64512?
True
Is 10 a factor of 246393?
False
Is 241 a factor of 109582?
False
Does 222 divide 259296?
True
Does 75 divide 1466256?
False
Is 360 a multiple of 180?
True
Does 7 divide 3421910?
False
Is 19 a factor of 3381354?
True
Does 194 divide 789505?
False
Does 15 divide 253170?
True
Does 34 divide 5882?
True
Is 77 a factor of 737323?
False
Does 6 divide 617683?
False
Is 344 a factor of 5061631?
False
Is 75 a factor of 21339?
False
Is 139 a factor of 601453?
True
Is 7 a factor of 6904?
False
Does 1496 divide 8845848?
True
Is 27540 a multiple of 32?
False
Is 12 a factor of 139144?
False
Does 18 divide 6200406?
True
Does 10 divide 1199010?
True
Is 51655 a multiple of 4?
False
Is 320 a factor of 1730240?
True
Is 119965 a multiple of 117?
False
Is 627095 a multiple of 13?
False
Is 1877 a factor of 1531632?
True
Is 4441908 a multiple of 77?
False
Is 114623 even?
False
Does 4 divide 690001?
False
Does 1033 divide 4636208?
False
Is 206664 a multiple of 6?
True
Is 22 a factor of 2576615?
False
Is 3754191 a multiple of 646?
False
Is 19510207 a multiple of 17?
False
Does 506 divide 3929795?
False
Is 4274 a multiple of 28?
False
Is 74871 a multiple of 39?
False
Is 63991 a multiple of 69?
False
Is 38 a factor of 75962?
True
Is 7 a factor of 4588474?
False
Is 11 a factor of 398619?
False
Is 1965 a factor of 20720925?
True
Does 330 divide 552750?
True
Is 111 a factor of 67599?
True
Is 300833 a multiple of 262?
False
Does 467 divide 8931375?
True
Is 6235757 a multiple of 81?
False
Does 17 divide 399466?
True
Does 135 divide 182496?
False
Does 11 divide 547098?
False
Is 13 a factor of 666706?
False
Is 24 a factor of 76774?
False
Is 